{"id":18,"date":"2017-05-09T12:06:33","date_gmt":"2017-05-09T10:06:33","guid":{"rendered":"http:\/\/sebastiankalicinski.pl\/?page_id=18"},"modified":"2020-08-03T12:16:51","modified_gmt":"2020-08-03T10:16:51","slug":"kontakt","status":"publish","type":"page","link":"https:\/\/sebastiankalicinski.pl\/index.php\/kontakt\/","title":{"rendered":"Kontakt"},"content":{"rendered":"<h4>E-mail:<\/h4>\n<p>kontakt@sebastiankalicinski.pl<\/p>\n<h4>Tel:<\/h4>\n<p>+48 602 209 345<\/p>\n<h4>Formularz kontaktowy:<\/h4>\n\n<div class=\"wpcf7 no-js\" id=\"wpcf7-f80-o1\" lang=\"pl-PL\" dir=\"ltr\">\n<div class=\"screen-reader-response\"><p role=\"status\" aria-live=\"polite\" aria-atomic=\"true\"><\/p> <ul><\/ul><\/div>\n<form action=\"\/index.php\/wp-json\/wp\/v2\/pages\/18#wpcf7-f80-o1\" method=\"post\" class=\"wpcf7-form init\" aria-label=\"Formularz kontaktowy\" novalidate=\"novalidate\" data-status=\"init\">\n<div style=\"display: none;\">\n<input type=\"hidden\" name=\"_wpcf7\" value=\"80\" \/>\n<input type=\"hidden\" name=\"_wpcf7_version\" value=\"5.9.8\" \/>\n<input type=\"hidden\" name=\"_wpcf7_locale\" value=\"pl_PL\" \/>\n<input type=\"hidden\" name=\"_wpcf7_unit_tag\" value=\"wpcf7-f80-o1\" \/>\n<input type=\"hidden\" name=\"_wpcf7_container_post\" value=\"0\" \/>\n<input type=\"hidden\" name=\"_wpcf7_posted_data_hash\" value=\"\" \/>\n<input type=\"hidden\" name=\"_wpcf7_recaptcha_response\" value=\"\" \/>\n<\/div>\n<p><label> Imi\u0119 i nazwisko (wymagane)<br \/>\n<span class=\"wpcf7-form-control-wrap\" data-name=\"your-name\"><input size=\"40\" maxlength=\"400\" class=\"wpcf7-form-control wpcf7-text wpcf7-validates-as-required\" aria-required=\"true\" aria-invalid=\"false\" value=\"\" type=\"text\" name=\"your-name\" \/><\/span> <\/label>\n<\/p>\n<p><label> Adres email (wymagane)<br \/>\n<span class=\"wpcf7-form-control-wrap\" data-name=\"your-email\"><input size=\"40\" maxlength=\"400\" class=\"wpcf7-form-control wpcf7-email wpcf7-validates-as-required wpcf7-text wpcf7-validates-as-email\" aria-required=\"true\" aria-invalid=\"false\" value=\"\" type=\"email\" name=\"your-email\" \/><\/span> <\/label>\n<\/p>\n<p><label> Temat<br \/>\n<span class=\"wpcf7-form-control-wrap\" data-name=\"your-subject\"><input size=\"40\" maxlength=\"400\" class=\"wpcf7-form-control wpcf7-text\" aria-invalid=\"false\" value=\"\" type=\"text\" name=\"your-subject\" \/><\/span> <\/label>\n<\/p>\n<p><label> Tre\u015b\u0107 wiadomo\u015bci<br \/>\n<span class=\"wpcf7-form-control-wrap\" data-name=\"your-message\"><textarea cols=\"40\" rows=\"10\" maxlength=\"2000\" class=\"wpcf7-form-control wpcf7-textarea\" aria-invalid=\"false\" name=\"your-message\"><\/textarea><\/span> <\/label>\n<\/p>\n<p><input class=\"wpcf7-form-control wpcf7-submit has-spinner\" type=\"submit\" value=\"Wy\u015blij\" \/>\n\n<\/p><p style=\"display: none !important;\" class=\"akismet-fields-container\" data-prefix=\"_wpcf7_ak_\"><label>&#916;<textarea name=\"_wpcf7_ak_hp_textarea\" cols=\"45\" rows=\"8\" maxlength=\"100\"><\/textarea><\/label><input type=\"hidden\" id=\"ak_js_1\" name=\"_wpcf7_ak_js\" value=\"216\"\/><script>document.getElementById( \"ak_js_1\" ).setAttribute( \"value\", ( new Date() ).getTime() );<\/script><\/p><div class=\"wpcf7-response-output\" aria-hidden=\"true\"><\/div>\n<\/form>\n<\/div>\n\n","protected":false},"excerpt":{"rendered":"<p>E-mail: kontakt@sebastiankalicinski.pl Tel: +48 602 209 345 Formularz kontaktowy:<\/p>\n","protected":false},"author":1,"featured_media":0,"parent":0,"menu_order":0,"comment_status":"closed","ping_status":"closed","template":"","meta":{"_exactmetrics_skip_tracking":false,"_exactmetrics_sitenote_active":false,"_exactmetrics_sitenote_note":"","_exactmetrics_sitenote_category":0,"footnotes":""},"yoast_head":"<!-- This site is optimized with the Yoast SEO plugin v23.5 - https:\/\/yoast.com\/wordpress\/plugins\/seo\/ -->\n<title>Licencjonowany pilot wycieczek W\u0119gry, Czechy, S\u0142owacja, Ukraina<\/title>\n<meta name=\"description\" content=\"Licencjonowany pilot wycieczek z du\u017cym do\u015bwiadczeniem. Rezerwacja nocleg\u00f3w na W\u0119grzech, S\u0142owacji, Ukrainie, w Czechach. Zestaw Tour Guide Okayo WT 300n\" \/>\n<meta name=\"robots\" content=\"index, follow, max-snippet:-1, max-image-preview:large, max-video-preview:-1\" \/>\n<link rel=\"canonical\" href=\"https:\/\/sebastiankalicinski.pl\/index.php\/kontakt\/\" \/>\n<meta property=\"og:locale\" content=\"pl_PL\" \/>\n<meta property=\"og:type\" content=\"article\" \/>\n<meta property=\"og:title\" content=\"Licencjonowany pilot wycieczek W\u0119gry, Czechy, S\u0142owacja, Ukraina\" \/>\n<meta property=\"og:description\" content=\"Licencjonowany pilot wycieczek z du\u017cym do\u015bwiadczeniem. Rezerwacja nocleg\u00f3w na W\u0119grzech, S\u0142owacji, Ukrainie, w Czechach. Zestaw Tour Guide Okayo WT 300n\" \/>\n<meta property=\"og:url\" content=\"https:\/\/sebastiankalicinski.pl\/index.php\/kontakt\/\" \/>\n<meta property=\"og:site_name\" content=\"Sebastian Kalici\u0144ski\" \/>\n<meta property=\"article:publisher\" content=\"https:\/\/www.facebook.com\/sebastiankalicinskipilotwycieczek\/\" \/>\n<meta property=\"article:modified_time\" content=\"2020-08-03T10:16:51+00:00\" \/>\n<meta name=\"twitter:card\" content=\"summary_large_image\" \/>\n<script type=\"application\/ld+json\" class=\"yoast-schema-graph\">{\"@context\":\"https:\/\/schema.org\",\"@graph\":[{\"@type\":\"WebPage\",\"@id\":\"https:\/\/sebastiankalicinski.pl\/index.php\/kontakt\/\",\"url\":\"https:\/\/sebastiankalicinski.pl\/index.php\/kontakt\/\",\"name\":\"Licencjonowany pilot wycieczek W\u0119gry, Czechy, S\u0142owacja, Ukraina\",\"isPartOf\":{\"@id\":\"https:\/\/sebastiankalicinski.pl\/#website\"},\"datePublished\":\"2017-05-09T10:06:33+00:00\",\"dateModified\":\"2020-08-03T10:16:51+00:00\",\"description\":\"Licencjonowany pilot wycieczek z du\u017cym do\u015bwiadczeniem. Rezerwacja nocleg\u00f3w na W\u0119grzech, S\u0142owacji, Ukrainie, w Czechach. Zestaw Tour Guide Okayo WT 300n\",\"breadcrumb\":{\"@id\":\"https:\/\/sebastiankalicinski.pl\/index.php\/kontakt\/#breadcrumb\"},\"inLanguage\":\"pl-PL\",\"potentialAction\":[{\"@type\":\"ReadAction\",\"target\":[\"https:\/\/sebastiankalicinski.pl\/index.php\/kontakt\/\"]}]},{\"@type\":\"BreadcrumbList\",\"@id\":\"https:\/\/sebastiankalicinski.pl\/index.php\/kontakt\/#breadcrumb\",\"itemListElement\":[{\"@type\":\"ListItem\",\"position\":1,\"name\":\"Strona g\u0142\u00f3wna\",\"item\":\"https:\/\/sebastiankalicinski.pl\/\"},{\"@type\":\"ListItem\",\"position\":2,\"name\":\"Kontakt\"}]},{\"@type\":\"WebSite\",\"@id\":\"https:\/\/sebastiankalicinski.pl\/#website\",\"url\":\"https:\/\/sebastiankalicinski.pl\/\",\"name\":\"Pilot Wycieczek Sebastian Kalici\u0144ski\",\"description\":\"Pilot Wycieczek\",\"potentialAction\":[{\"@type\":\"SearchAction\",\"target\":{\"@type\":\"EntryPoint\",\"urlTemplate\":\"https:\/\/sebastiankalicinski.pl\/?s={search_term_string}\"},\"query-input\":{\"@type\":\"PropertyValueSpecification\",\"valueRequired\":true,\"valueName\":\"search_term_string\"}}],\"inLanguage\":\"pl-PL\"}]}<\/script>\n<!-- \/ Yoast SEO plugin. -->","yoast_head_json":{"title":"Licencjonowany pilot wycieczek W\u0119gry, Czechy, S\u0142owacja, Ukraina","description":"Licencjonowany pilot wycieczek z du\u017cym do\u015bwiadczeniem. Rezerwacja nocleg\u00f3w na W\u0119grzech, S\u0142owacji, Ukrainie, w Czechach. Zestaw Tour Guide Okayo WT 300n","robots":{"index":"index","follow":"follow","max-snippet":"max-snippet:-1","max-image-preview":"max-image-preview:large","max-video-preview":"max-video-preview:-1"},"canonical":"https:\/\/sebastiankalicinski.pl\/index.php\/kontakt\/","og_locale":"pl_PL","og_type":"article","og_title":"Licencjonowany pilot wycieczek W\u0119gry, Czechy, S\u0142owacja, Ukraina","og_description":"Licencjonowany pilot wycieczek z du\u017cym do\u015bwiadczeniem. Rezerwacja nocleg\u00f3w na W\u0119grzech, S\u0142owacji, Ukrainie, w Czechach. Zestaw Tour Guide Okayo WT 300n","og_url":"https:\/\/sebastiankalicinski.pl\/index.php\/kontakt\/","og_site_name":"Sebastian Kalici\u0144ski","article_publisher":"https:\/\/www.facebook.com\/sebastiankalicinskipilotwycieczek\/","article_modified_time":"2020-08-03T10:16:51+00:00","twitter_card":"summary_large_image","schema":{"@context":"https:\/\/schema.org","@graph":[{"@type":"WebPage","@id":"https:\/\/sebastiankalicinski.pl\/index.php\/kontakt\/","url":"https:\/\/sebastiankalicinski.pl\/index.php\/kontakt\/","name":"Licencjonowany pilot wycieczek W\u0119gry, Czechy, S\u0142owacja, Ukraina","isPartOf":{"@id":"https:\/\/sebastiankalicinski.pl\/#website"},"datePublished":"2017-05-09T10:06:33+00:00","dateModified":"2020-08-03T10:16:51+00:00","description":"Licencjonowany pilot wycieczek z du\u017cym do\u015bwiadczeniem. Rezerwacja nocleg\u00f3w na W\u0119grzech, S\u0142owacji, Ukrainie, w Czechach. Zestaw Tour Guide Okayo WT 300n","breadcrumb":{"@id":"https:\/\/sebastiankalicinski.pl\/index.php\/kontakt\/#breadcrumb"},"inLanguage":"pl-PL","potentialAction":[{"@type":"ReadAction","target":["https:\/\/sebastiankalicinski.pl\/index.php\/kontakt\/"]}]},{"@type":"BreadcrumbList","@id":"https:\/\/sebastiankalicinski.pl\/index.php\/kontakt\/#breadcrumb","itemListElement":[{"@type":"ListItem","position":1,"name":"Strona g\u0142\u00f3wna","item":"https:\/\/sebastiankalicinski.pl\/"},{"@type":"ListItem","position":2,"name":"Kontakt"}]},{"@type":"WebSite","@id":"https:\/\/sebastiankalicinski.pl\/#website","url":"https:\/\/sebastiankalicinski.pl\/","name":"Pilot Wycieczek Sebastian Kalici\u0144ski","description":"Pilot Wycieczek","potentialAction":[{"@type":"SearchAction","target":{"@type":"EntryPoint","urlTemplate":"https:\/\/sebastiankalicinski.pl\/?s={search_term_string}"},"query-input":{"@type":"PropertyValueSpecification","valueRequired":true,"valueName":"search_term_string"}}],"inLanguage":"pl-PL"}]}},"_links":{"self":[{"href":"https:\/\/sebastiankalicinski.pl\/index.php\/wp-json\/wp\/v2\/pages\/18"}],"collection":[{"href":"https:\/\/sebastiankalicinski.pl\/index.php\/wp-json\/wp\/v2\/pages"}],"about":[{"href":"https:\/\/sebastiankalicinski.pl\/index.php\/wp-json\/wp\/v2\/types\/page"}],"author":[{"embeddable":true,"href":"https:\/\/sebastiankalicinski.pl\/index.php\/wp-json\/wp\/v2\/users\/1"}],"replies":[{"embeddable":true,"href":"https:\/\/sebastiankalicinski.pl\/index.php\/wp-json\/wp\/v2\/comments?post=18"}],"version-history":[{"count":4,"href":"https:\/\/sebastiankalicinski.pl\/index.php\/wp-json\/wp\/v2\/pages\/18\/revisions"}],"predecessor-version":[{"id":84,"href":"https:\/\/sebastiankalicinski.pl\/index.php\/wp-json\/wp\/v2\/pages\/18\/revisions\/84"}],"wp:attachment":[{"href":"https:\/\/sebastiankalicinski.pl\/index.php\/wp-json\/wp\/v2\/media?parent=18"}],"curies":[{"name":"wp","href":"https:\/\/api.w.org\/{rel}","templated":true}]}}